{"id":166,"date":"2015-11-27T07:06:50","date_gmt":"2015-11-27T07:06:50","guid":{"rendered":"http:\/\/mediakraft.se\/jobb\/skolledarna\/?page_id=166"},"modified":"2015-11-27T07:06:50","modified_gmt":"2015-11-27T07:06:50","slug":"om-webbplatsen","status":"publish","type":"page","link":"https:\/\/mediakraft.se\/jobb\/skolledarna\/om-webbplatsen\/","title":{"rendered":"Om webbplatsen"},"content":{"rendered":"<p>Platsannonseringen p\u00e5 Skolledarf\u00f6rbundets webbplats administreras av Mediakraft AB. Delar av platsannonseringen ligger p\u00e5 sidor som har en adress med dom\u00e4nen <a href=\"http:\/\/mediakraft.se\" target=\"_blank\">mediakraft.se<\/a> p\u00e5 grund av tekniska sk\u00e4l. Platsannonseringen \u00e4r att betrakta som en del av Skolledarf\u00f6rbundets webbplats <a href=\"http:\/\/skolledarna.se\" target=\"_blank\">skolledarna.se<\/a>.<\/p>\n","protected":false},"excerpt":{"rendered":"<p>Platsannonseringen p\u00e5 Skolledarf\u00f6rbundets webbplats administreras av Mediakraft AB. Delar av platsannonseringen ligger p\u00e5 sidor som har en adress med dom\u00e4nen mediakraft.se p\u00e5 grund av tekniska sk\u00e4l. Platsannonseringen \u00e4r att betrakta som en del av Skolledarf\u00f6rbundets webbplats skolledarna.se.<\/p>\n","protected":false},"author":1,"featured_media":0,"parent":0,"menu_order":0,"comment_status":"closed","ping_status":"closed","template":"","meta":{"_genesis_hide_title":false,"_genesis_hide_breadcrumbs":false,"_genesis_hide_singular_image":false,"_genesis_hide_footer_widgets":false,"_genesis_custom_body_class":"","_genesis_custom_post_class":"","_genesis_layout":""},"yoast_head":"<!-- This site is optimized with the Yoast SEO plugin v15.2.1 - https:\/\/yoast.com\/wordpress\/plugins\/seo\/ -->\n<title>Om webbplatsen | Skolledarna platsannonser<\/title>\n<meta name=\"description\" content=\"Platsannonseringen p\u00e5 Skolledarf\u00f6rbundets webbplats administreras av Mediakraft AB. Delar av platsannonseringen ligger p\u00e5 sidor som har en adress med\" \/>\n<meta name=\"robots\" content=\"noindex, follow\" \/>\n<meta property=\"og:locale\" content=\"sv_SE\" \/>\n<meta property=\"og:type\" content=\"article\" \/>\n<meta property=\"og:title\" content=\"Om webbplatsen | Skolledarna platsannonser\" \/>\n<meta property=\"og:description\" content=\"Platsannonseringen p\u00e5 Skolledarf\u00f6rbundets webbplats administreras av Mediakraft AB. Delar av platsannonseringen ligger p\u00e5 sidor som har en adress med\" \/>\n<meta property=\"og:url\" content=\"https:\/\/mediakraft.se\/jobb\/skolledarna\/om-webbplatsen\/\" \/>\n<meta property=\"og:site_name\" content=\"Skolledarna platsannonser\" \/>\n<meta property=\"article:publisher\" content=\"https:\/\/www.facebook.com\/SverigesSkolledarforbund\" \/>\n<meta property=\"og:image\" content=\"https:\/\/mediakraft.se\/jobb\/skolledarna\/wp-content\/uploads\/sites\/2\/2015\/10\/logo.png\" \/>\n\t<meta property=\"og:image:width\" content=\"350\" \/>\n\t<meta property=\"og:image:height\" content=\"95\" \/>\n<meta name=\"twitter:card\" content=\"summary\" \/>\n<meta name=\"twitter:creator\" content=\"@Skolledare\" \/>\n<meta name=\"twitter:site\" content=\"@Skolledare\" \/>\n<meta name=\"twitter:label1\" content=\"Skriven av\">\n\t<meta name=\"twitter:data1\" content=\"zzivkovic\">\n\t<meta name=\"twitter:label2\" content=\"Ber\u00e4knad l\u00e4stid\">\n\t<meta name=\"twitter:data2\" content=\"0 minuter\">\n<script type=\"application\/ld+json\" class=\"yoast-schema-graph\">{\"@context\":\"https:\/\/schema.org\",\"@graph\":[{\"@type\":\"WebSite\",\"@id\":\"https:\/\/mediakraft.se\/jobb\/skolledarna\/#website\",\"url\":\"https:\/\/mediakraft.se\/jobb\/skolledarna\/\",\"name\":\"Skolledarna platsannonser\",\"description\":\"Platsannonser f\\u00f6r Sveriges viktigaste chefer  - Fackf\\u00f6rbundet f\\u00f6r chefer inom utbildningsomr\\u00e5det\",\"potentialAction\":[{\"@type\":\"SearchAction\",\"target\":\"https:\/\/mediakraft.se\/jobb\/skolledarna\/?s={search_term_string}\",\"query-input\":\"required name=search_term_string\"}],\"inLanguage\":\"sv-SE\"},{\"@type\":\"WebPage\",\"@id\":\"https:\/\/mediakraft.se\/jobb\/skolledarna\/om-webbplatsen\/#webpage\",\"url\":\"https:\/\/mediakraft.se\/jobb\/skolledarna\/om-webbplatsen\/\",\"name\":\"Om webbplatsen | Skolledarna platsannonser\",\"isPartOf\":{\"@id\":\"https:\/\/mediakraft.se\/jobb\/skolledarna\/#website\"},\"datePublished\":\"2015-11-27T07:06:50+00:00\",\"dateModified\":\"2015-11-27T07:06:50+00:00\",\"description\":\"Platsannonseringen p\\u00e5 Skolledarf\\u00f6rbundets webbplats administreras av Mediakraft AB. Delar av platsannonseringen ligger p\\u00e5 sidor som har en adress med\",\"inLanguage\":\"sv-SE\",\"potentialAction\":[{\"@type\":\"ReadAction\",\"target\":[\"https:\/\/mediakraft.se\/jobb\/skolledarna\/om-webbplatsen\/\"]}]}]}<\/script>\n<!-- \/ Yoast SEO plugin. -->","_links":{"self":[{"href":"https:\/\/mediakraft.se\/jobb\/skolledarna\/wp-json\/wp\/v2\/pages\/166"}],"collection":[{"href":"https:\/\/mediakraft.se\/jobb\/skolledarna\/wp-json\/wp\/v2\/pages"}],"about":[{"href":"https:\/\/mediakraft.se\/jobb\/skolledarna\/wp-json\/wp\/v2\/types\/page"}],"author":[{"embeddable":true,"href":"https:\/\/mediakraft.se\/jobb\/skolledarna\/wp-json\/wp\/v2\/users\/1"}],"replies":[{"embeddable":true,"href":"https:\/\/mediakraft.se\/jobb\/skolledarna\/wp-json\/wp\/v2\/comments?post=166"}],"version-history":[{"count":1,"href":"https:\/\/mediakraft.se\/jobb\/skolledarna\/wp-json\/wp\/v2\/pages\/166\/revisions"}],"predecessor-version":[{"id":167,"href":"https:\/\/mediakraft.se\/jobb\/skolledarna\/wp-json\/wp\/v2\/pages\/166\/revisions\/167"}],"wp:attachment":[{"href":"https:\/\/mediakraft.se\/jobb\/skolledarna\/wp-json\/wp\/v2\/media?parent=166"}],"curies":[{"name":"wp","href":"https:\/\/api.w.org\/{rel}","templated":true}]}}

<p>Platsannonseringen på Skolledarförbundets webbplats administreras av Mediakraft AB. Delar av platsannonseringen ligger på sidor som har en adress med domänen <a href="http://mediakraft.se" target="_blank">mediakraft.se</a> på grund av tekniska skäl. Platsannonseringen är att betrakta som en del av Skolledarförbundets webbplats <a href="http://skolledarna.se" target="_blank">skolledarna.se</a>.</p>

<p>Platsannonseringen på Skolledarförbundets webbplats administreras av Mediakraft AB. Delar av platsannonseringen ligger på sidor som har en adress med domänen mediakraft.se på grund av tekniska skäl. Platsannonseringen är att betrakta som en del av Skolledarförbundets webbplats skolledarna.se.</p>

<!-- This site is optimized with the Yoast SEO plugin v15.2.1 - https://yoast.com/wordpress/plugins/seo/ -->
<title>Om webbplatsen | Skolledarna platsannonser</title>
<meta name="description" content="Platsannonseringen på Skolledarförbundets webbplats administreras av Mediakraft AB. Delar av platsannonseringen ligger på sidor som har en adress med" />
<meta name="robots" content="noindex, follow" />
<meta property="og:locale" content="sv_SE" />
<meta property="og:type" content="article" />
<meta property="og:title" content="Om webbplatsen | Skolledarna platsannonser" />
<meta property="og:description" content="Platsannonseringen på Skolledarförbundets webbplats administreras av Mediakraft AB. Delar av platsannonseringen ligger på sidor som har en adress med" />
<meta property="og:url" content="https://mediakraft.se/jobb/skolledarna/om-webbplatsen/" />
<meta property="og:site_name" content="Skolledarna platsannonser" />
<meta property="article:publisher" content="https://www.facebook.com/SverigesSkolledarforbund" />
<meta property="og:image" content="https://mediakraft.se/jobb/skolledarna/wp-content/uploads/sites/2/2015/10/logo.png" />
	<meta property="og:image:width" content="350" />
	<meta property="og:image:height" content="95" />
<meta name="twitter:card" content="summary" />
<meta name="twitter:creator" content="@Skolledare" />
<meta name="twitter:site" content="@Skolledare" />
<meta name="twitter:label1" content="Skriven av">
	<meta name="twitter:data1" content="zzivkovic">
	<meta name="twitter:label2" content="Beräknad lästid">
	<meta name="twitter:data2" content="0 minuter">
<script type="application/ld+json" class="yoast-schema-graph">{"@context":"https://schema.org","@graph":[{"@type":"WebSite","@id":"https://mediakraft.se/jobb/skolledarna/#website","url":"https://mediakraft.se/jobb/skolledarna/","name":"Skolledarna platsannonser","description":"Platsannonser f\u00f6r Sveriges viktigaste chefer  - Fackf\u00f6rbundet f\u00f6r chefer inom utbildningsomr\u00e5det","potentialAction":[{"@type":"SearchAction","target":"https://mediakraft.se/jobb/skolledarna/?s={search_term_string}","query-input":"required name=search_term_string"}],"inLanguage":"sv-SE"},{"@type":"WebPage","@id":"https://mediakraft.se/jobb/skolledarna/om-webbplatsen/#webpage","url":"https://mediakraft.se/jobb/skolledarna/om-webbplatsen/","name":"Om webbplatsen | Skolledarna platsannonser","isPartOf":{"@id":"https://mediakraft.se/jobb/skolledarna/#website"},"datePublished":"2015-11-27T07:06:50+00:00","dateModified":"2015-11-27T07:06:50+00:00","description":"Platsannonseringen p\u00e5 Skolledarf\u00f6rbundets webbplats administreras av Mediakraft AB. Delar av platsannonseringen ligger p\u00e5 sidor som har en adress med","inLanguage":"sv-SE","potentialAction":[{"@type":"ReadAction","target":["https://mediakraft.se/jobb/skolledarna/om-webbplatsen/"]}]}]}</script>
<!-- / Yoast SEO plugin. -->
